hundred millions digit of 335495314?
3
What is the hundreds digit of 2043467711?
7
What is the hundred millions digit of 2517316776?
5
What is the hundred millions digit of 197442388?
1
What is the units digit of 12816847?
7
What is the billions digit of 1406580124?
1
What is the ten thousands digit of 78548464?
4
What is the ten millions digit of 1191620591?
9
What is the hundred thousands digit of 428691610?
6
What is the tens digit of 44440924?
2
What is the tens digit of 1889333185?
8
What is the ten thousands digit of 48766235?
6
What is the ten thousands digit of 91160954?
6
What is the millions digit of 122376745?
2
What is the tens digit of 277966574?
7
What is the ten millions digit of 90361515?
9
What is the thousands digit of 157734091?
4
What is the ten millions digit of 92938434?
9
What is the ten thousands digit of 61318605?
1
What is the hundred millions digit of 8613867322?
6
What is the billions digit of 1127694301?
1
What is the tens digit of 1616163876?
7
What is the ten thousands digit of 403626302?
2
What is the ten millions digit of 409809530?
0
What is the ten thousands digit of 1799877155?
7
What is the hundred thousands digit of 15884410?
8
What is the ten thousands digit of 1150368600?
6
What is the ten millions digit of 731739659?
3
What is the ten millions digit of 163616560?
6
What is the ten millions digit of 1347604514?
4
What is the units digit of 58053267?
7
What is the hundred thousands digit of 1449755?
4
What is the millions digit of 820670737?
0
What is the units digit of 165857794?
4
What is the hundred thousands digit of 2017098329?
0
What is the ten thousands digit of 156821279?
2
What is the hundreds digit of 764232943?
9
What is the ten millions digit of 228513757?
2
What is the hundred thousands digit of 17683141?
6
What is the ten thousands digit of 573345747?
4
What is the tens digit of 184026997?
9
What is the hundred thousands digit of 180981832?
9
What is the tens digit of 8266563097?
9
What is the hundred thousands digit of 477491757?
4
What is the hundred thousands digit of 24373900?
3
What is the hundreds digit of 437123748?
7
What is the hundreds digit of 17771082?
0
What is the units digit of 1290935089?
9
What is the ten thousands digit of 4772946333?
4
What is the ten millions digit of 50673889?
5
What is the hundreds digit of 7691128?
1
What is the hundred millions digit of 2480615090?
4
What is the thousands digit of 870061055?
1
What is the hundred millions digit of 474299423?
4
What is the ten thousands digit of 76115544?
1
What is the units digit of 10266730?
0
What is the tens digit of 1861544851?
5
What is the hundred thousands digit of 6199486709?
4
What is the hundred thousands digit of 33322202?
3
What is the tens digit of 195352601?
0
What is the units digit of 36211659?
9
What is the tens digit of 121450183?
8
What is the hundred thousands digit of 1867429709?
4
What is the thousands digit of 905054883?
4
What is the units digit of 503088241?
1
What is the millions digit of 6214873?
6
What is the tens digit of 123528266?
6
What is the hundred millions digit of 3731044506?
7
What is the tens digit of 1355263268?
6
What is the millions digit of 411085165?
1
What is the hundred millions digit of 125575924?
1
What is the tens digit of 130958042?
4
What is the ten thousands digit of 1477975032?
7
What is the tens digit of 270795291?
9
What is the hundred millions digit of 3180486637?
1
What is the ten thousands digit of 6161553?
6
What is the hundred thousands digit of 10925147?
9
What is the ten thousands digit of 312986874?
8
What is the ten thousands digit of 815342095?
4
What is the tens digit of 1115980592?
9
What is the units digit of 70914413?
3
What is the hundred millions digit of 212114572?
2
What is the millions digit of 59141615?
9
What is the ten millions digit of 114819040?
1
What is the millions digit of 50577863?
0
What is the tens digit of 83441383?
8
What is the thousands digit of 787059284?
9
What is the millions digit of 4822911?
4
What is the ten millions digit of 5951621036?
5
What is the ten thousands digit of 738599274?
9
What is the thousands digit of 628809184?
9
What is the hundred millions digit of 385489390?
3
What is the hundred thousands digit of 13452614?
4
What is the units digit of 156189948?
8
What is the hundred millions digit of 5170690421?
1
What is the units digit of 47947355?
5
What is the thousands digit of 146792292?
2
What is the thousands digit of 2045266430?
6
What is the ten millions digit of 2120857321?
2
What is the thousands digit of 5029007309?
7
What is the hundred millions digit of 1031453042?
0
What is the units digit of 247278582?
2
What is the hundred millions digit of 237221041?
2
What is the millions digit of 61611109?
1
What is the units digit of 175134152?
2
What is the thousands digit of 133219306?
9
What is the units digit of 1176528762?
2
What is the tens digit of 41432118?
1
What is the hundreds digit of 151256268?
2
What is the tens digit of 247417973?
7
What is the millions digit of 20485125?
0
What is the millions digit of 449037400?
9
What is the hundred thousands digit of 9335852?
3
What is the thousands digit of 80451344?
1
What is the millions digit of 49822545?
9
What is the thousands digit of 40086208?
6
What is the billions digit of 3775526215?
3
What is the millions digit of 476168025?
6
What is the hundreds digit of 20421075?
0
What is the thousands digit of 3474999?
4
What is the ten millions digit of 1011191403?
1
What is the units digit of 62323392?
2
What is the ten thousands digit of 950264249?
6
What is the ten millions digit of 652418235?
5
What is the hundred millions digit of 432847646?
4
What is the tens digit of 348420019?
1
What is the units digit of 2198497162?
2
What is the thousands digit of 236157787?
7
What is the hundreds digit of 2041806801?
8
What is the hundred millions digit of 5152603927?
1
What is the units digit of 4019351?
1
What is the hundred millions digit of 244341076?
2
What is the ten thousands digit of 36668351?
6
What is the units digit of 38063176?
6
What is the ten millions digit of 17141742?
1
What is the thousands digit of 174953652?
3
What is the ten millions digit of 140697274?
4
What is the hundred thousands digit of 247949787?
9
What is the tens digit of 27445865?
6
What is the billions digit of 4577066140?
4
What is the ten millions digit of 15284545?
1
What is the tens digit of 42475413?
1
What is the ten millions digit of 2191298901?
9
What is the ten millions digit of 37164236?
3
What is the hundred thousands digit of 10813031?
8
What is the ten millions digit of 86738738?
8
What is the units digit of 3182983465?
5
What is the hundreds digit of 252762378?
3
What is the thousands digit of 2105269130?
9
What is the units digit of 2553009900?
0
What is the millions digit of 7544533?
7
What is the thousands digit of 39314302?
4
What is the hundreds digit of 368089888?
8
What is the hundreds digit of 5898361783?
7
What is the ten millions digit of 1807316522?
0
What is the ten thousands digit of 50225430?
2
What is the hundred millions digit of 437532619?
4
What is the hundred millions digit of 134487491?
1
What is the millions digit of 80363466?
0
What is the units digit of 443875905?
5
What is the ten millions digit of 48305947?
4
What is the hundred millions digit of 2699920564?
6
What is the ten thousands digit of 24207120?
0
What is the hundred millions digit of 144093548?
1
What is the units digit of 58109825?
5
What is the hundreds digit of 6839977629?
6
What is the thousands digit of 270815816?
5
What is the ten thousands digit of 47346521?
4
What is the millions digit of 44867549?
4
What is the millions digit of 207995120?
7
What is the ten thousands digit of 74546053?
4
What is the hundred thousands digit of 224319027?
3
What is the hundred thousands digit of 52584735?
5
What is the hundred thousands digit of 965591401?
5
What is the hundreds digit of 188076676?
6
What is the ten thousands digit of 2017533851?
3
What is the millions digit of 467626452?
7
What is the hundred thousands digit of 3153984130?
9
What is the hundred thousands digit of 6523356390?
3
What is the units digit of 274399326?
6
What is the billions digit of 1675827228?
1
What is the h